 81. What is the hundreds digit of n(30)?
6
Let n = -26 + 210. What is the tens digit of n?
8
Let h = 169 - -3. What is the hundreds digit of h?
1
Let o be (6/10)/((-5)/(-25)). Suppose -5*s + o*f = -498, -5*f + 7*f + 196 = 2*s. What is the tens digit of s?
0
Let o(t) = 27*t**2 + 21*t**2 - 3*t - 44*t**2 - 21. What is the units digit of o(7)?
4
Let r be -19*(1/(-5) - (-18)/15). Let h = r - -27. What is the units digit of h?
8
Let i(k) = -k**3 + 3*k**2 - 2. Let o be i(3). What is the units digit of o - (-27 - (1 - -3))?
9
What is the units digit of 22*((-638)/(-4))/11?
9
Suppose 185 = 5*u + 65. Let m = u - -10. What is the tens digit of m?
3
Let c = -329 - -136. Let w = 453 + c. What is the units digit of w?
0
Let f be 23 + (-6)/2 + 1. Suppose 6 = 5*u + f. Let g = u + 8. What is the units digit of g?
5
Let b = 30 - 30. Suppose 0 = -a - b*a + 115. What is the units digit of a?
5
Let q = 399 - 333. What is the units digit of q?
6
Suppose 3*s + 4 = -4*r, s + 14 = 5*r - 0*s. Suppose -h + 316 = -r*i, -2*h + 639 = -i + 4*i. Suppose -z - y + h = 4*z, 15 = 5*y. What is the tens digit of z?
6
Suppose -3*r + 242 = 5*f - 119, 0 = -2*f + r + 151. What is the tens digit of f?
7
Let g(x) = -x**3 + 10*x**2 + 9*x + 12. What is the tens digit of g(6)?
1
Let s = 85 + 127. Suppose -3*l + 9 = 2*d - 187, -3*l = -2*d - s. What is the tens digit of l?
6
Let k(o) = 7*o**3 + o**2. Let m be k(1). Let i = m + -6. Suppose 0 = -i*s + 22 - 0. What is the units digit of s?
1
What is the units digit of (20/(-15) + -1)*(1 + -211)?
0
Let r be (-7)/(-3) + 6/(-18). Suppose 0 = -r*o + 4 + 6, 4*o + 480 = 5*z. What is the hundreds digit of z?
1
Suppose v + 5*v = 18. Suppose -4*h - m = -136, -v*h - 2*m - 8 = -105. What is the tens digit of h?
3
Let b(p) = -p**2 + 23*p + 10. Let l be b(24). Let f = l + 35. What is the units digit of f?
1
What is the tens digit of (-228)/2166 + (-93292)/(-19)?
1
Let y(q) = 390*q**2 + 133*q - 1. What is the tens digit of y(-2)?
9
Let r(f) be the second derivative of -f**3/6 + 30*f**2 - 6*f. What is the units digit of r(0)?
0
Suppose -11*d = -7*d - 10528. What is the tens digit of d?
3
Let b = 1471 + -68. What is the hundreds digit of b?
4
Let v = -170 + 930. What is the hundreds digit of v?
7
Suppose -3*u + 6 = 0, -4*s + 5*u = -0*u + 10. Suppose -3*x - 3*o = -354, s*x - 4*x + 4*o + 480 = 0. What is the tens digit of x?
1
What is the tens digit of (-1)/(7/(-35)) - -1151?
5
Let r(c) = 17*c + 180. What is the units digit of r(27)?
9
Let d be (-51)/(-4)*18 + (-3)/2. Suppose -4*l = -2*o - d, 2*l + o - 4*o - 122 = 0. What is the tens digit of l?
5
Let d(p) = -581*p**3 - p**2 + 6*p + 6. What is the tens digit of d(-1)?
8
Let w = 13 + -15. Let t(v) = 9*v**3 + v**2 - 3*v - 1. Let l be t(w). What is the units digit of (-3)/(5 + -2)*l?
3
What is the units digit of (21 + -22)/(2/(-1620))?
0
Let r(p) = p + 4. Suppose -4*q = -5*y + 12 - 3, -3*q + y - 15 = 0. Let i be r(q). What is the tens digit of i + 3 - (-90)/3?
3
Let u(w) = 307*w**2 + 11*w + 64. What is the tens digit of u(-4)?
3
Let w = -63 - -45. What is the tens digit of (98/(-8))/(w/216)?
4
Let n be ((-85)/34)/((-1)/8). What is the tens digit of ((-15*n)/2)/(-2)?
7
Let f(l) = -3*l**2 - 3*l + 29 + 2*l**2 + 12*l - 32. What is the units digit of f(8)?
5
Let t be -1 - -4 - -3 - -1. Suppose 0 = t*a - 609 - 476. What is the units digit of a?
5
Let n(c) = c**2 - 4*c - 6. Let s(f) = f**2 + f - 1. Let h(p) = -n(p) + 2*s(p). Let y be h(-6). Suppose -2*r + 4 + y = 0. What is the units digit of r?
4
Suppose 21*l - 137163 = -18*l. What is the tens digit of l?
1
Suppose 3*g = 5*g - 4*c, 0 = -3*g - 4*c + 20. Suppose g*k = 2 - 6, 0 = h - 5*k - 4. Let u(v) = -35*v**3 - v**2 - v. What is the units digit of u(h)?
5
Suppose -3*i - 131*y + 129*y = -3098, -4*y = -5*i + 5200. What is the hundreds digit of i?
0
Suppose 3*a - 36 = -3*a. Let f = 16 - a. What is the units digit of f?
0
Let h = 43 + -27. What is the units digit of (-4)/(h/6)*-34?
1
Suppose 3*u = -2*u + 1175. Let y = -102 + u. What is the hundreds digit of y?
1
Suppose -2*r - 5*d = -27 - 1, 4 = -4*r + 5*d. Suppose -6*f = -f - 45. Let q = f - r. What is the units digit of q?
5
Let m = 9 - -3. Let i = m + -10. Suppose 2*u + 8 - 2 = -i*h, 0 = 2*u + 3*h + 11. What is the units digit of u?
2
What is the thousands digit of (24365/44 - -9)*4?
2
What is the tens digit of 116 + (28/(-4) - -3)?
1
Suppose -g + 13 = -6. Suppose -4*t + 124 = -4*j, -t = 2*j - 7*j - g. Suppose -2*s + t = 2. What is the units digit of s?
6
Let c(r) = -r**2 - 2*r + 6. Let y be c(-3). Suppose 178 = q - y*i, -5*i = 2*q - 406 + 61. What is the hundreds digit of q?
1
Let v(y) = -3*y**2 - 16*y - 12. Let s be v(-6). What is the tens digit of 5/30 + (-956)/s?
4
Suppose 28*a - 64 = 24*a. What is the tens digit of 1 + 0 - (a*-3)/2?
2
Suppose 0 = s - 4*y - 322, 4*s + 2*y - 924 = s. What is the hundreds digit of s?
3
Let c be (2 - 1) + 12/6. Suppose -10 = -c*o + 5. Suppose -o*a = -23 - 102. What is the tens digit of a?
2
Suppose -j - 38 = -41. Suppose -8 = -3*b - 2. Suppose 0*g + b*g + 4 = -5*i, 2*i + 32 = j*g. What is the units digit of g?
8
Let b be 3/1 + 22 + -25. Suppose -5*r + 51 + 23 = o, b = -4*r - o + 59. What is the tens digit of r?
1
Let d(l) = -18*l + 1. Let y be d(-1). Let m = y - -110. Let w = -76 + m. What is the tens digit of w?
5
Suppose -14 = 2*g + 4*j, -3*g - 3*j - 2*j = 16. Let z = -20 - -18. What is the units digit of 5*z*g/(-6)?
5
Let v(m) = 16*m - 1. Suppose 2*p + 2*b + 22 = -2*b, -4*b = 5*p + 61. Let d = -12 - p. What is the units digit of v(d)?
5
Let p = 48 + -22. Let a = p - -56. What is the tens digit of a?
8
What is the tens digit of 11414/(-39)*1*3/(-2)?
3
Let m(c) = 65*c - 510. What is the tens digit of m(32)?
7
Let t be 3/(-2)*16/6. What is the units digit of (6/2)/(t/(-60))?
5
Let m(k) = 2*k - 22. Let y be m(11). What is the units digit of -15 + 17 + (47 - y)?
9
Let n be 2 + 0 - (-1 + 0). Let r(x) = 2*x**3 - 2*x**3 - 2 + 0 - x**n + 2*x + 3*x**2. What is the units digit of r(3)?
4
Suppose -3*f = -2*f - 4. Suppose 4*p = 3*p - k, p = f*k + 20. Suppose 13 = p*c - 103. What is the units digit of c?
9
Let x(f) = f - 24. Let q be x(11). Let d = 16 + q. Suppose -120 = -2*g + d*o, 2*g + 4*o - 185 = -65. What is the units digit of g?
0
Let o be 447/21 - 4/14. Let v = o - -25. Suppose 5*q = -0*h - 4*h + v, -2*h = -8. What is the units digit of q?
6
Let f(l) = l**2 - 2*l + 133. Let h(b) = -2*b**2 + 5*b - 265. Let i(s) = -5*f(s) - 3*h(s). What is the hundreds digit of i(0)?
1
Suppose -5*z + 888 = -13*z. Let d = z - -130. What is the tens digit of d?
1
Suppose 23 = -5*c - 2. Let b = 147 - 151. Let k = b - c. What is the units digit of k?
1
Let o(l) = -45*l - 4. Let a(u) = 1. Let i(y) = 3*a(y) - o(y). What is the tens digit of i(4)?
8
Suppose 32 = s + 3*g, 179 = 4*s - 3*g - 2*g. Let d = s + -1. Suppose -2*r = -r - d. What is the units digit of r?
0
Let q(h) = h + 14. Let u be q(-6). Suppose -u*j + 13*j = 340. What is the tens digit of j?
6
Let o(w) = w**2 + 3*w + 1. Let m be o(-4). Suppose -3 - 5 = -4*u. Suppose 51 = u*r + 3*i, -m*r - 2*i + 119 = -3*i. What is the units digit of r?
4
Let k(r) = 3*r + 47. What is the tens digit of k(-10)?
1
Let t be (-4 + 2)*1115/10. Let w = t + 313. What is the tens digit of w?
9
Let t be (-1)/6 + 2/12. Suppose t = 4*m - 0 - 16. What is the tens digit of (4 + 2)/(m/30)?
4
Let i be 3 + 2*(-1)/(-1). Suppose -2*q + 1 = -i*y - 4, -y - 5*q - 28 = 0. What is the tens digit of -4 - y - -1*22?
2
Let j(y) = -36*y + 11. Let u be j(5). What is the tens digit of (-2)/(4 + u/42)?
8
Suppose -375 = 147*z - 142*z. Let s be (20/6)/(-2)*27. Let m = s - z. What is the units digit of m?
0
Let a(x) = -2*x - 1. Suppose 3*n + c - 6*c - 17 = 0, -n - 3*c + 29 = 0. Suppose 8*z - 3*s + 14 = 3*z, 4*z + n = s. What is the units digit of a(z)?
7
Suppose 0 = 2*z + 2*o, -2*z + o - 3 = 4*o. Suppose 11*k = 12*k + 4, -3*k + 291 = z*g. What is the tens digit of g?
0
Suppose -2*x - 376 = -2*t, 0 = 4*t + 4*x - 767 + 55. What is the tens digit of t?
8
Let j be 6/24 + 46/8. Let n(p) = -4*p - 4*p + p + j*p - 16. What is the units digit of n(-19)?
3
Let m(o) = -o - 11. Let j be m(-15). Suppose -j*b + 592 = 4*r, b = -3*b + 3*r + 585. What is the hundreds digit of b?
1
Let q = -331 + 618. Let w = q + -205.